et h(j) = 8*j - 7*j + 2*j - 2*j. Suppose 4*m + 2*i - 4 = -2*i, 4*m = -2*i - 2. Determine h(m).
-2
Let x(z) = 2*z**3 - z**2 + 10*z - 1. Let s(n) = 3*n**3 - n**2 + 12*n - 2. Let l(k) = -3*s(k) + 4*x(k). Let w = 2 + -5. What is l(w)?
8
Let j(d) = 2 - 2 + d - 13*d**2 + 12*d**2. Let n(o) = -6*o**2 + 12*o - 7. Let h(l) = -5*j(l) + n(l). Determine h(6).
-1
Let m(x) = 23*x + 1. Let q = 703 + -704. What is m(q)?
-22
Let n(h) = 5*h**3 - 7*h**2 + 8*h - 13. Let d(o) = -14*o**3 + 21*o**2 - 24*o + 38. Let k(z) = -4*d(z) - 11*n(z). Determine k(6).
3
Let x = 12 - 8. Suppose -4*w - 3*m + 2 = 26, -x*m - 25 = 3*w. Let l(n) = -3*n**2 + 0*n**2 + 2 + 2*n**2 - n. Calculate l(w).
-4
Let a(h) be the third derivative of -h**5/3 + h**4/24 + 5*h**2 - 11. Determine a(1).
-19
Let m be -6 + 4/(8/(-6)). Let n = m + 8. Let u be -1 - ((3 - 0) + n). Let s(b) = -b**3 - 2*b**2 - b - 3. What is s(u)?
9
Let w(m) = 2*m**3 - 3*m**2 + 2*m. Suppose -4*k - 41*d = -38*d - 8, 4*k + 5*d = 8. Determine w(k).
8
Let z(p) = 5*p**2 - 5 - p**2 + p**3 + p - 3*p**2. Let q be (-1)/((-28)/12 - -2). Suppose r = -s + 1, -5*s + 10*s + q = 3*r. Calculate z(s).
-5
Let r(b) = b**3 + 10*b**2 + 16*b + 8. Let m be -13 - (12/6 + -7). What is r(m)?
8
Let i(m) be the first derivative of -m**2 + m + 901. Let f(k) = -k + 9. Let z be f(5). Calculate i(z).
-7
Let r(g) = 9*g - 57. Let a be r(6). Let t(y) = y**3 + 3*y**2 - y - 1. What is t(a)?
2
Suppose -4*f - 3*x = -31 + 3, -2*x + 20 = 3*f. Let w(y) be the first derivative of -1/4*y**f + 3*y + 1/2*y**2 - 6 + 4/3*y**3. Calculate w(4).
7
Let n(y) = y**3 - 7*y**2 + 8*y - 1. Let x(d) = 3*d**3 - 15*d**2 + 18*d - 2. Let w(v) = 5*n(v) - 2*x(v). Determine w(-6).
11
Let a(b) = -6*b + 2. Suppose -4*k - 8 - 3 = 5*t, t - 5*k - 21 = 0. Calculate a(t).
-4
Let r(o) = 2 + 2*o - 4 + 4 - 5 - 2. Give r(-7).
-19
Let u(k) = 4*k**2 + 2*k + 1. Let a be u(-1). Let n(b) = 0*b**3 + 2*b**3 - 9 - 3*b**a - 2 - b. Let o = -1 - -1. What is n(o)?
-11
Let o = -42 + 26. Let k = o - -15. Let b(v) be the second derivative of 7*v**5/20 + v**4/12 - v**3/6 - v**2/2 - v. Calculate b(k).
-6
Suppose -5*p + 5 + 25 = 0. Let b be 1/(-2) + p/4. Let v be (7/(-7))/(b/(-4)). Let d(r) = r**3 - 3*r**2 - r - 4. Determine d(v).
8
Let f(m) = m**3 + 14*m**2 + 31*m - 27. Let b be f(-11). Let u(x) = -x**3 - 5*x**2 + x + 6. What is u(b)?
1
Let d be 10/(-25) - 12*1/(-5). Let l(p) = -4*p**d + 4*p**2 - 6 + 0 + p**2 + 5*p. Give l(-6).
0
Let p(y) be the first derivative of y**4/4 - 4*y**3/3 + y**2 + 45. Suppose h + 1 = -i - 1, 5*i - h + 34 = 0. Let z = i + 10. What is p(z)?
8
Suppose 11*o = 11 + 22. Suppose -m = -4*m - o. Let x(p) = -8*p**2 - 2*p - 1. Determine x(m).
-7
Let u = -18 - -17. Let x(j) = -5*j + 6. Let b(a) = -a + 1. Let f(r) = u*x(r) + 2*b(r). Suppose z + 2*z = 3*y + 12, -20 = -5*z + 2*y. Give f(z).
8
Let m(t) = t - 2. Let u = 14 + -17. Let s be -1 + u + -3*(-6)/(-9). What is m(s)?
-8
Suppose -v + 5*v + 2 = -3*k, k + 3*v - 1 = 0. Let m be ((-4)/(-2))/(k - -3). Let g(b) = 2*b**2 + 5*b - 5*b**2 - m*b**2 - 4 + b**3. What is g(4)?
0
Suppose 5*x + 5 = 5*t, 0*t - 4*x - 9 = -5*t. Let g(f) be the third derivative of 0 + 1/6*f**3 + 0*f + 1/24*f**4 + 20*f**2. Determine g(t).
6
Let b(p) = -5*p + 0*p + 3*p + 3 + 6*p. Suppose -24*o + 13*o + 44 = 0. Calculate b(o).
19
Let n(g) = -g**3 - 5*g**2 + 8*g + 5. Suppose m + 6 = -2*t, 4*m - t + 0*t + 15 = 0. Let z be -2*(-6)/m - 39/13. What is n(z)?
-7
Let f(t) = t**2 + 4*t - 5. Let g be f(-13). Let w(p) = -1 + 0*p**2 - 2*p**3 + p**3 - 111*p + g*p - p**2. Determine w(-2).
1
Let n(p) = -p**2 + 2*p + 2. Let y = -10 + 12. Let r be n(y). Let i(w) = 3*w**r - 3*w**2 + 4*w + 2 - 2*w**2 - 4. Give i(3).
-8
Let h(g) = 2*g - 4. Let w(n) be the third derivative of -n**5/60 + n**4/3 + n**3 - 5*n**2. Let r be w(8). Let f be (-27)/r*4/(-6). Determine h(f).
2
Let n(c) = c**3 - 1. Suppose 2*z = 4*f + 6, -4*z + 4*f + 8 = -0*z. Determine n(z).
0
Let j(y) = -y + 5 - 4 - 3. Suppose 26 = 9*q - 11*q - 3*v, 3*q + 3*v + 33 = 0. Determine j(q).
5
Let l(j) = j**3 + 6*j**2 + 4*j + 2. Let u = 1 - -9. Let t be (0*(-4)/(-12))/(-6 - -8). Suppose t*y = -5*y - u. Calculate l(y).
10
Let t(o) = -o**2 + 9*o - 11. Let z be t(6). Let l(y) = -y**3 + 8*y**2 - 6*y - 8. Let g be l(z). Let p(x) = 24*x. Determine p(g).
-24
Let y(z) = -3*z. Let g(r) = 13*r + 2. Let l(x) = g(x) + 6*y(x). Let u = -21 - -23. What is l(u)?
-8
Let u(v) = v**3 - 15*v**2 - 32*v - 34. Let m be u(17). Let x(i) = i**3 + i**2 + 9. Calculate x(m).
9
Let x(g) = -2*g - 4. Suppose 0 = -j - 3, -5 - 2 = -w + 4*j. What is x(w)?
6
Let y(k) = 3*k - 2. Let l(b) be the first derivative of 2*b**2 - 5*b - 2. Let w = -20 - -22. Let r be l(w). Determine y(r).
7
Let l = -2637 - -2651. Let n(r) = r**3 - 15*r**2 + 16*r - 31. Give n(l).
-3
Suppose 0 = -5*y + 2*u - 15, 4*y + 2*u = 1 - 31. Let n(x) = -x**3 - 7*x**2 - 11*x - 6. Give n(y).
-1
Suppose -8 = -2*w - 2. Let d(g) be the third derivative of -g**4/6 + 617*g**2. Calculate d(w).
-12
Let g(r) = -2*r. Let b(o) = 6*o**2 + 4*o - 3. Let j be b(1). Suppose -j*u + 20 + 1 = 0. Give g(u).
-6
Let z(r) = -r**2 + 5*r + 3. Let i = -38 - -39. Let d be 3/6*i + (-33)/(-6). Determine z(d).
-3
Let y(x) = x**3 - 8*x**2 - 9*x - 4. Let c be (-3)/(-9) + (4 - 70/(-15)). Give y(c).
-4
Let g be (-9)/(-6)*2*1. Let a(t) be the first derivative of -1 + 1/2*t**2 + t. What is a(g)?
4
Suppose 0 = c + t - 29, -3*c + 15*t + 93 = 16*t. Let f be 8/3 - 4/6. Suppose -f*b - 5*u = 16, 4*b + c = -u - 2*u. Let h(i) = i**2 + 8*i + 11. Calculate h(b).
11
Let g(u) = -u**3 + 12*u**2 - 6. Suppose 36 = 6*b - 3*b. Let t be g(b). Let z(k) = k**2 + 9*k + 5. Give z(t).
-13
Let l(j) = 27*j - 22*j + 3 + 4 - 6 - j**2. Give l(5).
1
Let f(v) = v**3 - 7*v**2 + v - 7. Suppose -6*i - 4 = -8*i. Let s be -4 + (2 - (-11 + i)). Calculate f(s).
0
Let b be (-15)/10*28/(-21). Let d(k) be the third derivative of 1/24*k**4 + 0 - 2/3*k**3 + 0*k - 4*k**b. Determine d(-3).
-7
Let j(f) = 31 - 41*f - 13*f**3 + 12*f**3 + 13*f - 16*f**2 + 2*f. Determine j(-14).
3
Let y(f) = -f**2 - 6*f + 10. Let a be y(-7). Let p(l) = 0*l**2 + 0 - 5 - 2*l**2 + a*l + 3*l**2. Determine p(-4).
-1
Let h(f) = -30 + 45 - 6*f + 9*f. Determine h(-3).
6
Suppose 0 = s + 3*a + 19, 2*s - a = -2 - 8. Let j = 1 + s. Let y(n) = n**3 + 5*n**2 - 7*n. Give y(j).
6
Let a(l) = -2*l - 8. Let y be a(-6). Suppose 5*v = 4*d + 13 + 4, -2*v = -3*d - y. Let u(j) = -8 - 2*j + 4*j**3 + j + 3*j**2 + 3*j**d - 3*j**3. Determine u(-6).
-2
Let k(c) = 2*c + 2. Suppose 0*o - o = -3*v - 4, -3*v = -3. Calculate k(o).
16
Let i(r) = -2 + 3 - r**3 - 3*r**2 - 5 + 2*r. Let b = -611 + 607. What is i(b)?
4
Suppose -2*b - 5*z + 17 = 0, -3*b + 5*z + 0*z = -38. Let s(i) = 1 + 1 + 5*i + i**3 - b*i + 7*i**2 - 2*i**3. Determine s(6).
2
Let m(l) = 13*l**2 + 4*l + 2. Let b(q) = 13*q**2 + 3*q + 1. Let u(g) = -5*b(g) + 4*m(g). Let f(k) = -7*k**2 + k + 2. Let x(o) = 11*f(o) - 6*u(o). Give x(-3).
-2
Suppose -3*b = 5*v - 6, -5*b + 3*v + v + 10 = 0. Suppose b*i + 29 = 21. Let m(d) = 3 + 0 + 10*d - 7*d. Give m(i).
-9
Let c(l) = -l - 1. Let p(q) be the second derivative of -2/3*q**3 + 6*q - 2*q**2 + 0. Let j(g) = 3*c(g) - p(g). Determine j(-1).
0
Let d(b) = -b**3 + 10*b**2 - 9*b + 1. Let a be 6/(-8) - 156/(-16). Give d(a).
1
Let p(o) be the first derivative of -8*o**2 - 3*o + 324. Give p(-3).
45
Let i(q) = 2*q**2 + 10*q + 2. Let d(x) = -x**2 - 2*x + 2. Let n(v) = 3*d(v) + i(v). Give n(5).
3
Suppose -3*d = -5*n + 28, -3*d + 12 = -3*n + 6*n. Let b(a) = a**2 - 4*a + 3. Let c(m) = 2*m**2 - 7*m + 5. Let p(u) = n*b(u) - 2*c(u). Determine p(6).
5
Suppose 3*j + 13 = 2*l - 5, -l = -4*j - 9. Suppose -4*r + l*r + 9 = -2*u, -2*u + 3*r = -15. Let g(p) = 3*p**u + 4*p**2 - 4*p**3 + 1 + 3*p + 1. Give g(4).
14
Suppose 61 = 5*h - 4*n, h = -n + 11 - 6. Let f(q) = q**2 - 9*q + 1. Calculate f(h).
1
Let m(s) be the first derivative of 3*s**2/2 - 1. Let d(p) = -6*p - 58. Let v be d(-8). Let g = v - -12. Give m(g).
6
Suppose -5*x = -106 + 6. Suppose 8 - x = 12*f. Let i(r) = 3*r**3 - r**2. Calculate i(f).
-4
Let a(q) be the first derivative of q**5/20 - q**4/12 - 13*q**2/2 + 18*q + 3. Let b(d) be the first derivative of a(d). Determine b(0).
-13
Let i = -37 + 53. Suppose -4*f = -i - 0. Let c(o) = f*o + 4*o - 7*o. Give c(-1).
-1
Let d be ((-14)/6)/((-56)/(-21) - 3). Let l(g) = -8*g + 1. Let p(w) =